{"id":117,"date":"2018-02-24T19:42:50","date_gmt":"2018-02-24T18:42:50","guid":{"rendered":"http:\/\/firetruckshow.pl\/nowastrona\/?page_id=117"},"modified":"2018-06-15T23:33:09","modified_gmt":"2018-06-15T21:33:09","slug":"patronat-medialny","status":"publish","type":"page","link":"https:\/\/firetruckshow.pl\/index.php\/patronat-medialny\/","title":{"rendered":"Patronat medialny"},"content":{"rendered":"<p><strong>Bardzo dzi\u0119kujemy za patronat dziesi\u0105tej jubileuszowej edycji Fire Truck Show<\/strong><\/p>\n<p><strong>Patronat honorowy<\/strong><\/p>\n<p><a href=\"http:\/\/www.zosprp.pl\/\"><img loading=\"lazy\" decoding=\"async\" class=\"wp-image-17891 size-medium alignleft\" src=\"http:\/\/firetruckshow.pl\/wp-content\/uploads\/2018\/06\/zosp-rp-300x300.jpg\" alt=\"\" width=\"300\" height=\"300\" srcset=\"https:\/\/firetruckshow.pl\/wp-content\/uploads\/2018\/06\/zosp-rp-300x300.jpg 300w, https:\/\/firetruckshow.pl\/wp-content\/uploads\/2018\/06\/zosp-rp-150x150.jpg 150w, https:\/\/firetruckshow.pl\/wp-content\/uploads\/2018\/06\/zosp-rp-768x766.jpg 768w, https:\/\/firetruckshow.pl\/wp-content\/uploads\/2018\/06\/zosp-rp-301x300.jpg 301w, https:\/\/firetruckshow.pl\/wp-content\/uploads\/2018\/06\/zosp-rp.jpg 868w\" sizes=\"(max-width: 300px) 100vw, 300px\" \/><\/a><\/p>\n<p>&nbsp;<\/p>\n<p>Zwi\u0105zek Ochotniczych Stra\u017cy Po\u017carnych<\/p>\n<p>&nbsp; &nbsp; &nbsp; &nbsp;&nbsp; Rzeczypospolitej Polskiej<\/p>\n<p>&nbsp;<\/p>\n<p>&nbsp;<\/p>\n<p>&nbsp;<\/p>\n<p>&nbsp;<\/p>\n<p><a href=\"http:\/\/www.opolskie.pl\/\"><img loading=\"lazy\" decoding=\"async\" class=\"alignleft wp-image-17892 size-medium\" src=\"http:\/\/firetruckshow.pl\/wp-content\/uploads\/2018\/06\/slask-258x300.jpg\" alt=\"\" width=\"258\" height=\"300\" srcset=\"https:\/\/firetruckshow.pl\/wp-content\/uploads\/2018\/06\/slask-258x300.jpg 258w, https:\/\/firetruckshow.pl\/wp-content\/uploads\/2018\/06\/slask-768x893.jpg 768w, https:\/\/firetruckshow.pl\/wp-content\/uploads\/2018\/06\/slask.jpg 787w\" sizes=\"(max-width: 258px) 100vw, 258px\" \/><\/a><\/p>\n<p>&nbsp;<\/p>\n<p>&nbsp;<\/p>\n<p>&nbsp; &nbsp; &nbsp; &nbsp; MARSZA\u0141EK<\/p>\n<p>Wojew\u00f3dztwa Opolskiego<\/p>\n<p>&nbsp;&nbsp;&nbsp;&nbsp;&nbsp;&nbsp;&nbsp;&nbsp; <strong>Andrzej Bu\u0142a<\/strong><\/p>\n<p>&nbsp;<\/p>\n<p>&nbsp;<\/p>\n<p>&nbsp;<\/p>\n<p><a href=\"http:\/\/powiatoleski.pl\/9\/strona-glowna.html\"><img loading=\"lazy\" decoding=\"async\" class=\"alignleft wp-image-17889 size-medium\" src=\"http:\/\/firetruckshow.pl\/wp-content\/uploads\/2018\/06\/oleski-272x300.jpg\" alt=\"\" width=\"272\" height=\"300\" srcset=\"https:\/\/firetruckshow.pl\/wp-content\/uploads\/2018\/06\/oleski-272x300.jpg 272w, https:\/\/firetruckshow.pl\/wp-content\/uploads\/2018\/06\/oleski-768x848.jpg 768w, https:\/\/firetruckshow.pl\/wp-content\/uploads\/2018\/06\/oleski.jpg 856w\" sizes=\"(max-width: 272px) 100vw, 272px\" \/><\/a><\/p>\n<p>&nbsp;<\/p>\n<p>&nbsp;<\/p>\n<p>Starosta Oleski<\/p>\n<p>&nbsp;<\/p>\n<p>&nbsp;<\/p>\n<p>&nbsp;<\/p>\n<p>&nbsp;<\/p>\n<p>&nbsp;<\/p>\n<p>&nbsp;<\/p>\n<table class=\"sponsorzy\">\n<tbody>\n<tr>\n<td><a href=\"http:\/\/opole.tvp.pl\/\" target=\"_blank\" rel=\"alternate noopener\"><img decoding=\"async\" src=\"http:\/\/firetruckshow.pl\/images\/loga_patronaty\/TVP%203%20Opole.png\" width=\"250\"><\/a><\/td>\n<td><a href=\"http:\/\/www.tele5.pl\/\" target=\"_blank\" rel=\"alternate noopener\"><img loading=\"lazy\" decoding=\"async\" class=\"\" src=\"http:\/\/firetruckshow.pl\/images\/loga_patronaty\/tele5.jpg\" alt=\"\" width=\"249\" height=\"249\"><\/a><\/td>\n<\/tr>\n<tr>\n<td><a href=\"http:\/\/naosi.pl\/\" target=\"_blank\" rel=\"alternate noopener\"><img loading=\"lazy\" decoding=\"async\" src=\"http:\/\/firetruckshow.pl\/images\/loga_patronaty\/Na-Osi_PNG.PNG\" alt=\"\" width=\"250\" height=\"250\"><\/a><\/td>\n<td><a href=\"http:\/\/motowizja.pl\/\" target=\"_blank\" rel=\"alternate noopener\"><img decoding=\"async\" src=\"http:\/\/firetruckshow.pl\/images\/loga_patronaty\/moto%20wizja2.png\" width=\"250\"><\/a><\/td>\n<\/tr>\n<tr>\n<td><a href=\"http:\/\/info.radiopark.fm\/index.php\/wiadomosci\/radio-park-939\/\" target=\"_blank\" rel=\"alternate noopener\"><img loading=\"lazy\" decoding=\"async\" src=\"http:\/\/firetruckshow.pl\/images\/loga_patronaty\/radio%20park.png\" alt=\"\" width=\"249\" height=\"214\"><\/a><\/td>\n<td><a href=\"http:\/\/ool24.pl\/\" rel=\"alternate\"><img loading=\"lazy\" decoding=\"async\" src=\"http:\/\/firetruckshow.pl\/images\/loga_patronaty\/ool24.png\" alt=\"\" width=\"250\" height=\"125\"><\/a><\/td>\n<\/tr>\n<tr>\n<td><a href=\"http:\/\/kulisypowiatu.pl\/\" target=\"_blank\" rel=\"alternate noopener\"><img decoding=\"async\" src=\"http:\/\/firetruckshow.pl\/images\/loga_patronaty\/kulisy.png\" width=\"250\"><\/a><\/td>\n<td><a href=\"http:\/\/www.wakcji.elamed.pl\/\" target=\"_blank\" rel=\"alternate noopener\"><img loading=\"lazy\" decoding=\"async\" src=\"http:\/\/firetruckshow.pl\/images\/loga_patronaty\/wakcji_winieta%20-%20Kopia.jpg\" alt=\"\" width=\"248\" height=\"66\"><\/a><\/td>\n<\/tr>\n<tr>\n<td><a href=\"https:\/\/remiza.com.pl\/\" target=\"_blank\" rel=\"alternate noopener\"><img decoding=\"async\" src=\"http:\/\/firetruckshow.pl\/images\/loga_patronaty\/rpl.png\" width=\"250\"><\/a><\/td>\n<td><a href=\"http:\/\/ratownictwo.opole.pl\/\" target=\"_blank\" rel=\"alternate noopener\"><img decoding=\"async\" src=\"http:\/\/firetruckshow.pl\/images\/loga_patronaty\/or.png\" width=\"250\"><\/a><\/td>\n<\/tr>\n<tr>\n<td><a href=\"http:\/\/strazacki.pl\/\" target=\"_blank\" rel=\"alternate noopener\"><img loading=\"lazy\" decoding=\"async\" src=\"http:\/\/firetruckshow.pl\/images\/loga_patronaty\/strazacki.png\" alt=\"\" width=\"250\" height=\"88\"><\/a><\/td>\n<td><a href=\"http:\/\/toplistaadama.siteor.pl\/\" target=\"_blank\" rel=\"alternate noopener\"><img loading=\"lazy\" decoding=\"async\" src=\"http:\/\/firetruckshow.pl\/images\/loga_patronaty\/top%20lista%20adama.jpg\" alt=\"\" width=\"249\" height=\"125\"><\/a><\/td>\n<\/tr>\n<tr>\n<td>&nbsp;<a href=\"http:\/\/dobrodzien.pl\/1\/aktualnosci.html\" target=\"_blank\" rel=\"alternate noopener\"><img decoding=\"async\" src=\"http:\/\/firetruckshow.pl\/images\/loga_patronaty\/emblem-gmina-dobrodzien-29063.png\" width=\"250\"><\/a><\/td>\n<\/tr>\n<\/tbody>\n<\/table>\n","protected":false},"excerpt":{"rendered":"<p>Bardzo dzi\u0119kujemy za patronat dziesi\u0105tej jubileuszowej edycji Fire Truck Show Patronat honorowy &nbsp; Zwi\u0105zek Ochotniczych Stra\u017cy Po\u017carnych &nbsp; &nbsp; &nbsp; &nbsp;&nbsp; Rzeczypospolitej Polskiej &nbsp; &nbsp; &nbsp; &nbsp; &nbsp; &nbsp; &nbsp; &nbsp; &nbsp; &nbsp; MARSZA\u0141EK Wojew\u00f3dztwa Opolskiego &nbsp;&nbsp;&nbsp;&nbsp;&nbsp;&nbsp;&nbsp;&nbsp; Andrzej Bu\u0142a &nbsp; &nbsp; &nbsp; &nbsp; &nbsp; Starosta Oleski &nbsp; &nbsp; &nbsp; &nbsp; &hellip;<\/p>\n","protected":false},"author":2,"featured_media":0,"parent":0,"menu_order":0,"comment_status":"closed","ping_status":"closed","template":"","meta":{"ngg_post_thumbnail":0,"footnotes":""},"_links":{"self":[{"href":"https:\/\/firetruckshow.pl\/index.php\/wp-json\/wp\/v2\/pages\/117"}],"collection":[{"href":"https:\/\/firetruckshow.pl\/index.php\/wp-json\/wp\/v2\/pages"}],"about":[{"href":"https:\/\/firetruckshow.pl\/index.php\/wp-json\/wp\/v2\/types\/page"}],"author":[{"embeddable":true,"href":"https:\/\/firetruckshow.pl\/index.php\/wp-json\/wp\/v2\/users\/2"}],"replies":[{"embeddable":true,"href":"https:\/\/firetruckshow.pl\/index.php\/wp-json\/wp\/v2\/comments?post=117"}],"version-history":[{"count":7,"href":"https:\/\/firetruckshow.pl\/index.php\/wp-json\/wp\/v2\/pages\/117\/revisions"}],"predecessor-version":[{"id":17893,"href":"https:\/\/firetruckshow.pl\/index.php\/wp-json\/wp\/v2\/pages\/117\/revisions\/17893"}],"wp:attachment":[{"href":"https:\/\/firetruckshow.pl\/index.php\/wp-json\/wp\/v2\/media?parent=117"}],"curies":[{"name":"wp","href":"https:\/\/api.w.org\/{rel}","templated":true}]}}