{"id":125,"date":"2018-02-24T19:45:32","date_gmt":"2018-02-24T18:45:32","guid":{"rendered":"http:\/\/firetruckshow.pl\/nowastrona\/?page_id=125"},"modified":"2019-05-05T12:54:50","modified_gmt":"2019-05-05T10:54:50","slug":"historia","status":"publish","type":"page","link":"https:\/\/firetruckshow.pl\/index.php\/historia\/","title":{"rendered":"O nas"},"content":{"rendered":"<p>Pomys\u0142 organizacji Fire Truck Show, czyli Mi\u0119dzynarodowego Zlotu Pojazd\u00f3w Po\u017carniczych narodzi\u0142 si\u0119, podczas udzia\u0142u w imprezie Master Truck w Opolu. Organizatorzy postanowili zorganizowa\u0107 cykl imprez o tematyce po\u017carniczej. Miejscowi stra\u017cacy Ochotniczej Stra\u017cy Po\u017carnej w G\u0142\u00f3wczycach zrealizowali sw\u00f3j pomys\u0142 na imprez\u0119 plenerow\u0105 dla stra\u017cak\u00f3w, rodzin, przyjaci\u00f3\u0142, znajomych i wszystkich przyby\u0142ych go\u015bci.<br \/>\n&nbsp;&nbsp;&nbsp; Z roku na rok przedsi\u0119wzi\u0119cie rozrasta si\u0119 w b\u0142yskawicznym tempie. Zar\u00f3wno pierwszy jaki i kolejne Zloty rozpoczynaj\u0105 si\u0119 uroczyst\u0105 Msz\u0105 \u015awi\u0119t\u0105 Polow\u0105 przy kaplicy \u015bw. Floriana. Podczas tej uroczysto\u015bci ka\u017cdorazowo s\u0105 \u015bwi\u0119cone wszystkie zg\u0142oszone pojazdy. Podczas trzydniowej imprezy nie mo\u017ce zabrakn\u0105\u0107 KOROWODU Pojazd\u00f3w Stra\u017cackich, kt\u00f3ry co roku cieszy si\u0119 ogromnym powodzeniem. To jedna z bardzo wielu atrakcji jakie co roku przygotowuj\u0105 organizatorzy. Liczne konkursy, zawody, animacje dla dzieci, wyb\u00f3r MISS ZLOTU oraz wieczorne zabawy taneczne nie pozwalaj\u0105 nawet na chwil\u0119 nudy. Ogromnym zainteresowaniem i najprawdopodobniej najciekawsz\u0105 atrakcj\u0105 ka\u017cdego Zlotu jest FIRE TRUCK SHOWER, czyli Wielki Prysznic. To niezapomniane wydarzenie oraz atmosfera podczas imprez, pozostaj\u0105 na zawsze w naszych wspomnieniach i sercach. Co roku przyje\u017cd\u017ca coraz liczniejsza grupa stra\u017cak\u00f3w (ze zg\u0142oszonymi poprzez stron\u0119 www pojazdami, ale i prywatnie) a tak\u017ce ca\u0142e rodziny.<br \/>\n&nbsp;&nbsp;&nbsp; Przyj\u0119\u0142o si\u0119, \u017ce zawsze w pi\u0105tkowy wiecz\u00f3r bawimy si\u0119, ta\u0144czymy, w sobot\u0119 jest tzw. DZIE\u0143 STRA\u017bACKI ze wszystkimi atrakcjami po\u017carniczymi a w niedziel\u0119 tzw. DZIE\u0143 RODZINNY. Od wielu lat wielkim powodzeniem cieszy si\u0119 r\u00f3wnie\u017c nasze pole namiotowe.<br \/>\n&nbsp;&nbsp;&nbsp; Wielkim podsumowaniem ka\u017cdego Zlotu s\u0105 s\u0142owa zlotowicz\u00f3w: \u201eFIRE TRUCK SHOW trzeba prze\u017cy\u0107 \u2013 tego si\u0119 nie da opowiedzie\u0107. Za rok na pewno b\u0119dziemy!\u201d<\/p>\n","protected":false},"excerpt":{"rendered":"<p>Pomys\u0142 organizacji Fire Truck Show, czyli Mi\u0119dzynarodowego Zlotu Pojazd\u00f3w Po\u017carniczych narodzi\u0142 si\u0119, podczas udzia\u0142u w imprezie Master Truck w Opolu. Organizatorzy postanowili zorganizowa\u0107 cykl imprez o tematyce po\u017carniczej. Miejscowi stra\u017cacy Ochotniczej Stra\u017cy Po\u017carnej w G\u0142\u00f3wczycach zrealizowali sw\u00f3j pomys\u0142 na imprez\u0119 plenerow\u0105 dla stra\u017cak\u00f3w, rodzin, przyjaci\u00f3\u0142, znajomych i wszystkich przyby\u0142ych go\u015bci. &hellip;<\/p>\n","protected":false},"author":2,"featured_media":0,"parent":0,"menu_order":0,"comment_status":"closed","ping_status":"closed","template":"","meta":{"ngg_post_thumbnail":0,"footnotes":""},"_links":{"self":[{"href":"https:\/\/firetruckshow.pl\/index.php\/wp-json\/wp\/v2\/pages\/125"}],"collection":[{"href":"https:\/\/firetruckshow.pl\/index.php\/wp-json\/wp\/v2\/pages"}],"about":[{"href":"https:\/\/firetruckshow.pl\/index.php\/wp-json\/wp\/v2\/types\/page"}],"author":[{"embeddable":true,"href":"https:\/\/firetruckshow.pl\/index.php\/wp-json\/wp\/v2\/users\/2"}],"replies":[{"embeddable":true,"href":"https:\/\/firetruckshow.pl\/index.php\/wp-json\/wp\/v2\/comments?post=125"}],"version-history":[{"count":5,"href":"https:\/\/firetruckshow.pl\/index.php\/wp-json\/wp\/v2\/pages\/125\/revisions"}],"predecessor-version":[{"id":19341,"href":"https:\/\/firetruckshow.pl\/index.php\/wp-json\/wp\/v2\/pages\/125\/revisions\/19341"}],"wp:attachment":[{"href":"https:\/\/firetruckshow.pl\/index.php\/wp-json\/wp\/v2\/media?parent=125"}],"curies":[{"name":"wp","href":"https:\/\/api.w.org\/{rel}","templated":true}]}}