{"id":143,"date":"2018-02-24T19:58:38","date_gmt":"2018-02-24T18:58:38","guid":{"rendered":"http:\/\/firetruckshow.pl\/nowastrona\/?page_id=143"},"modified":"2018-02-24T19:58:38","modified_gmt":"2018-02-24T18:58:38","slug":"targi-branzowe","status":"publish","type":"page","link":"https:\/\/firetruckshow.pl\/index.php\/targi-branzowe\/","title":{"rendered":"Targi bran\u017cowe"},"content":{"rendered":"<p>Zapraszamy\u00a0 firmy z bran\u017cy motoryzacyjno &#8211; stra\u017cackiej do zaprezentowania swojej oferty na zlocie. Podczas imprezy organizowane s\u0105 targi bran\u017cowe podczas kt\u00f3rych osobi\u015bcie mo\u017cna porozmawia\u0107 z przedstawicielami firm.<br \/>\nUdzia\u0142 w zlocie jest zatem nie tylko okazj\u0105 do \u015bwietnej zabawy, ale te\u017c mo\u017ce sta\u0107 si\u0119 sposobno\u015bci\u0105 do promocji w\u0142asnej firmy oraz nawi\u0105zania nowych znajomo\u015bci biznesowych. Do tej pory wsp\u00f3\u0142pracowali\u015bmy z takimi firmami jak: <a href=\"http:\/\/rothlehner.pl\/\" rel=\"alternate\">Rothlehner<\/a>, <a href=\"http:\/\/www.steo.com.pl\/view\/index\" rel=\"alternate\">Steo<\/a>, <a href=\"http:\/\/www.kadimex.pl\/pl\/\" rel=\"alternate\">Kadimex<\/a>, <a href=\"http:\/\/www.kzpt.pl\/\" rel=\"alternate\">KZPT<\/a>, <a href=\"http:\/\/www.whelen.com.pl\/\" rel=\"alternate\">Whelen<\/a>, <a href=\"http:\/\/www.kewaeco.pl\/\" rel=\"alternate\">Kewa Eco<\/a>, <a href=\"http:\/\/limatech.pl\/\" rel=\"alternate\">Limatech<\/a>, ProTech Micro<br \/>\nW celu zapoznania si\u0119 z ofert\u0105 i warunkami wystawienia firmy podczas zlotu prosimy o kontakt z organizatorami.<\/p>\n","protected":false},"excerpt":{"rendered":"<p>Zapraszamy\u00a0 firmy z bran\u017cy motoryzacyjno &#8211; stra\u017cackiej do zaprezentowania swojej oferty na zlocie. Podczas imprezy organizowane s\u0105 targi bran\u017cowe podczas kt\u00f3rych osobi\u015bcie mo\u017cna porozmawia\u0107 z przedstawicielami firm. Udzia\u0142 w zlocie jest zatem nie tylko okazj\u0105 do \u015bwietnej zabawy, ale te\u017c mo\u017ce sta\u0107 si\u0119 sposobno\u015bci\u0105 do promocji w\u0142asnej firmy oraz nawi\u0105zania &hellip;<\/p>\n","protected":false},"author":2,"featured_media":0,"parent":0,"menu_order":0,"comment_status":"closed","ping_status":"closed","template":"","meta":{"ngg_post_thumbnail":0,"footnotes":""},"_links":{"self":[{"href":"https:\/\/firetruckshow.pl\/index.php\/wp-json\/wp\/v2\/pages\/143"}],"collection":[{"href":"https:\/\/firetruckshow.pl\/index.php\/wp-json\/wp\/v2\/pages"}],"about":[{"href":"https:\/\/firetruckshow.pl\/index.php\/wp-json\/wp\/v2\/types\/page"}],"author":[{"embeddable":true,"href":"https:\/\/firetruckshow.pl\/index.php\/wp-json\/wp\/v2\/users\/2"}],"replies":[{"embeddable":true,"href":"https:\/\/firetruckshow.pl\/index.php\/wp-json\/wp\/v2\/comments?post=143"}],"version-history":[{"count":1,"href":"https:\/\/firetruckshow.pl\/index.php\/wp-json\/wp\/v2\/pages\/143\/revisions"}],"predecessor-version":[{"id":145,"href":"https:\/\/firetruckshow.pl\/index.php\/wp-json\/wp\/v2\/pages\/143\/revisions\/145"}],"wp:attachment":[{"href":"https:\/\/firetruckshow.pl\/index.php\/wp-json\/wp\/v2\/media?parent=143"}],"curies":[{"name":"wp","href":"https:\/\/api.w.org\/{rel}","templated":true}]}}